ided by 33?
12
What is the remainder when 10097 is divided by 22?
21
What is the remainder when 1351 is divided by 431?
58
What is the remainder when 50 is divided by 7?
1
Calculate the remainder when 56 is divided by 40.
16
Calculate the remainder when 33 is divided by 5.
3
Calculate the remainder when 2804 is divided by 85.
84
What is the remainder when 815 is divided by 63?
59
Calculate the remainder when 960 is divided by 189.
15
Calculate the remainder when 163 is divided by 32.
3
What is the remainder when 757 is divided by 29?
3
What is the remainder when 3777 is divided by 20?
17
Calculate the remainder when 201 is divided by 109.
92
Calculate the remainder when 242 is divided by 46.
12
Calculate the remainder when 178 is divided by 53.
19
What is the remainder when 114 is divided by 43?
28
Calculate the remainder when 322 is divided by 86.
64
Calculate the remainder when 93 is divided by 35.
23
Calculate the remainder when 363 is divided by 72.
3
Calculate the remainder when 139 is divided by 56.
27
What is the remainder when 252 is divided by 127?
125
What is the remainder when 754 is divided by 39?
13
Calculate the remainder when 51 is divided by 6.
3
Calculate the remainder when 494 is divided by 11.
10
What is the remainder when 14888 is divided by 12?
8
Calculate the remainder when 187 is divided by 60.
7
Calculate the remainder when 226 is divided by 23.
19
What is the remainder when 701 is divided by 59?
52
Calculate the remainder when 175 is divided by 39.
19
What is the remainder when 726 is divided by 110?
66
What is the remainder when 185 is divided by 64?
57
Calculate the remainder when 522 is divided by 7.
4
Calculate the remainder when 435 is divided by 90.
75
Calculate the remainder when 58 is divided by 33.
25
Calculate the remainder when 322 is divided by 87.
61
Calculate the remainder when 11429 is divided by 15.
14
What is the remainder when 170 is divided by 14?
2
Calculate the remainder when 4349 is divided by 14.
9
What is the remainder when 498 is divided by 95?
23
Calculate the remainder when 93 is divided by 48.
45
Calculate the remainder when 57 is divided by 16.
9
Calculate the remainder when 2204 is divided by 729.
17
Calculate the remainder when 1201 is divided by 101.
90
What is the remainder when 2584 is divided by 7?
1
What is the remainder when 271 is divided by 75?
46
Calculate the remainder when 387 is divided by 347.
40
Calculate the remainder when 4458 is divided by 93.
87
Calculate the remainder when 144 is divided by 97.
47
What is the remainder when 21028 is divided by 17?
16
Calculate the remainder when 346 is divided by 66.
16
Calculate the remainder when 266 is divided by 85.
11
What is the remainder when 108 is divided by 11?
9
Calculate the remainder when 88843 is divided by 15.
13
Calculate the remainder when 60 is divided by 36.
24
What is the remainder when 446 is divided by 28?
26
Calculate the remainder when 687 is divided by 10.
7
What is the remainder when 1869 is divided by 155?
9
Calculate the remainder when 93 is divided by 6.
3
Calculate the remainder when 324 is divided by 3.
0
What is the remainder when 3468 is divided by 8?
4
Calculate the remainder when 69253 is divided by 44.
41
Calculate the remainder when 462 is divided by 68.
54
Calculate the remainder when 2023 is divided by 9.
7
Calculate the remainder when 24 is divided by 6.
0
Calculate the remainder when 398 is divided by 37.
28
Calculate the remainder when 23 is divided by 5.
3
What is the remainder when 197 is divided by 54?
35
What is the remainder when 4190 is divided by 16?
14
What is the remainder when 17951 is divided by 68?
67
Calculate the remainder when 216 is divided by 20.
16
Calculate the remainder when 1632 is divided by 324.
12
Calculate the remainder when 1098 is divided by 20.
18
What is the remainder when 2643 is divided by 1309?
25
What is the remainder when 177 is divided by 76?
25
Calculate the remainder when 2414 is divided by 13.
9
What is the remainder when 888 is divided by 419?
50
What is the remainder when 268 is divided by 87?
7
Calculate the remainder when 107 is divided by 50.
7
What is the remainder when 1093 is divided by 138?
127
What is the remainder when 41 is divided by 15?
11
What is the remainder when 117 is divided by 24?
21
Calculate the remainder when 622 is divided by 4.
2
Calculate the remainder when 8899 is divided by 159.
154
What is the remainder when 780 is divided by 14?
10
Calculate the remainder when 123 is divided by 105.
18
What is the remainder when 1121 is divided by 7?
1
Calculate the remainder when 851 is divided by 107.
102
Calculate the remainder when 407 is divided by 23.
16
Calculate the remainder when 85 is divided by 38.
9
Calculate the remainder when 345 is divided by 167.
11
What is the remainder when 545 is divided by 90?
5
What is the remainder when 2950 is divided by 82?
80
Calculate the remainder when 23 is divided by 14.
9
What is the remainder when 267 is divided by 14?
1
What is the remainder when 246 is divided by 134?
112
Calculate the remainder when 466 is divided by 18.
16
Calculate the remainder when 1122 is divided by 125.
122
Calculate the remainder when 225 is divided by 5.
0
Calculate the remainder when 46 is divided by 14.
4
What is the remainder when 1303 is divided by 185?
8
Calculate the remainder when 259 is divided by 73.
40
Calculate the remainder when 368 is divided by 62.
58
What is the remainder when 193 is divided by 138?
55
What is the remainder when 177 is divided by 60?
57
What is the remainder when 388 is divided by 73?
23
What is the remainder when 84 is divided by 34?
16
Calculate the remainder when 1012 is divided by 216.
148
What is the remainder when 247 is divided by 152?
95
Calculate the remainder when 26 is divided by 10.
6
Calculate the remainder when 3887 is divided by 134.
1
Calculate the remainder when 96 is divided by 20.
16
Calculate the remainder when 203 is divided by 25.
3
What is the remainder when 53 is divided by 3?
2
Calculate the remainder when 1449 is divided by 12.
9
What is the remainder when 527 is divided by 163?
38
Calculate the remainder when 191 is divided by 140.
51
What is the remainder when 160 is divided by 50?
10
What is the remainder when 142 is divided by 18?
16
What is the remainder when 779 is divided by 141?
74
What is the remainder when 3811 is divided by 317?
7
Calculate the remainder when 476 is divided by 208.
60
Calculate the remainder when 97 is divided by 7.
6
What is the remainder when 243 is divided by 68?
39
What is the remainder when 87 is divided by 41?
5
Calculate the remainder when 1197 is divided by 75.
72
What is the remainder when 894 is divided by 242?
168
What is the remainder when 6114 is divided by 23?
19
What is the remainder when 44 is divided by 35?
9
What is the remainder when 354 is divided by 91?
81
Calculate the remainder when 530 is divided by 134.
128
What is the remainder when 100 is divided by 54?
46
What is the remainder when 1427 is divided by 65?
62
Calculate the remainder when 56 is divided by 17.
5
What is the remainder when 585 is divided by 192?
9
Calculate the remainder when 352 is divided by 8.
0
What is the remainder when 13665 is divided by 21?
15
Calculate the remainder when 68 is divided by 14.
12
Calculate the remainder when 10009 is divided by 28.
13
Calculate the remainder when 158 is divided by 24.
14
What is the remainder when 670 is divided by 24?
22
What is the remainder when 5745 is divided by 82?
5
Calculate the remainder when 494 is divided by 235.
24
What is the remainder when 156 is divided by 79?
77
What is the remainder when 2588 is divided by 118?
110
Calculate the remainder when 2397 is divided by 200.
197
What is the remainder when 16 is divided by 13?
3
Calculate the remainder when 449 is divided by 85.
24
What is the remainder when 86 is divided by 16?
6
Calculate the remainder when 40 is divided by 23.
17
Calculate the remainder when 64 is divided by 24.
16
Calculate the remainder when 1468 is divided by 724.
20
What is the remainder when 810 is divided by 8?
2
Calculate the remainder when 4055 is divided by 39.
38
What is the remainder when 558 is divided by 151?
105
What is the remainder when 19 is divided by 11?
